{"id":2,"date":"2016-05-10T03:48:21","date_gmt":"2016-05-10T03:48:21","guid":{"rendered":"http:\/\/n-t-v.at\/?page_id=2"},"modified":"2025-06-26T11:11:43","modified_gmt":"2025-06-26T11:11:43","slug":"sample-page","status":"publish","type":"page","link":"https:\/\/n-t-v.at\/","title":{"rendered":"Willkommen bei N-T-V"},"content":{"rendered":"<div class=\"wp-block-image\">\n<figure class=\"aligncenter size-full is-resized\"><img loading=\"lazy\" decoding=\"async\" width=\"680\" height=\"489\" src=\"https:\/\/n-t-v.at\/wp-content\/uploads\/2023\/12\/Icon.jpg\" alt=\"\" class=\"wp-image-212\" style=\"width:189px;height:auto\" srcset=\"https:\/\/n-t-v.at\/wp-content\/uploads\/2023\/12\/Icon.jpg 680w, https:\/\/n-t-v.at\/wp-content\/uploads\/2023\/12\/Icon-300x216.jpg 300w\" sizes=\"auto, (max-width: 680px) 100vw, 680px\" \/><\/figure>\n<\/div>\n\n\n<h2 class=\"wp-block-heading has-medium-font-size\">\u2026zu Ihrem ersten Schritt zum pers\u00f6nlichen und vor allem leistbaren Traumhaus!<\/h2>\n\n\n\n<figure class=\"wp-block-gallery has-nested-images columns-default is-cropped wp-block-gallery-1 is-layout-flex wp-block-gallery-is-layout-flex\">\n<figure class=\"wp-block-image size-large\"><img loading=\"lazy\" decoding=\"async\" width=\"1024\" height=\"576\" data-id=\"47\" src=\"https:\/\/n-t-v.at\/wp-content\/uploads\/2022\/02\/f331931c-fcd7-4b6d-9b6f-f40fa9464f82-1024x576.jpg\" alt=\"\" class=\"wp-image-47\" srcset=\"https:\/\/n-t-v.at\/wp-content\/uploads\/2022\/02\/f331931c-fcd7-4b6d-9b6f-f40fa9464f82-1024x576.jpg 1024w, https:\/\/n-t-v.at\/wp-content\/uploads\/2022\/02\/f331931c-fcd7-4b6d-9b6f-f40fa9464f82-300x169.jpg 300w, https:\/\/n-t-v.at\/wp-content\/uploads\/2022\/02\/f331931c-fcd7-4b6d-9b6f-f40fa9464f82-768x432.jpg 768w, https:\/\/n-t-v.at\/wp-content\/uploads\/2022\/02\/f331931c-fcd7-4b6d-9b6f-f40fa9464f82-1536x864.jpg 1536w, https:\/\/n-t-v.at\/wp-content\/uploads\/2022\/02\/f331931c-fcd7-4b6d-9b6f-f40fa9464f82.jpg 1600w\" sizes=\"auto, (max-width: 1024px) 100vw, 1024px\" \/><\/figure>\n\n\n\n<figure class=\"wp-block-image size-large\"><img loading=\"lazy\" decoding=\"async\" width=\"1024\" height=\"768\" data-id=\"101\" src=\"https:\/\/n-t-v.at\/wp-content\/uploads\/2023\/12\/20180906_105400-2-1024x768.jpg\" alt=\"\" class=\"wp-image-101\" srcset=\"https:\/\/n-t-v.at\/wp-content\/uploads\/2023\/12\/20180906_105400-2-1024x768.jpg 1024w, https:\/\/n-t-v.at\/wp-content\/uploads\/2023\/12\/20180906_105400-2-300x225.jpg 300w, https:\/\/n-t-v.at\/wp-content\/uploads\/2023\/12\/20180906_105400-2-768x576.jpg 768w, https:\/\/n-t-v.at\/wp-content\/uploads\/2023\/12\/20180906_105400-2-1536x1152.jpg 1536w, https:\/\/n-t-v.at\/wp-content\/uploads\/2023\/12\/20180906_105400-2-2048x1536.jpg 2048w\" sizes=\"auto, (max-width: 1024px) 100vw, 1024px\" \/><\/figure>\n\n\n\n<figure class=\"wp-block-image size-large\"><img loading=\"lazy\" decoding=\"async\" width=\"1024\" height=\"768\" data-id=\"112\" src=\"https:\/\/n-t-v.at\/wp-content\/uploads\/2023\/12\/IMG-20230313-WA0005-1024x768.jpg\" alt=\"\" class=\"wp-image-112\" srcset=\"https:\/\/n-t-v.at\/wp-content\/uploads\/2023\/12\/IMG-20230313-WA0005-1024x768.jpg 1024w, https:\/\/n-t-v.at\/wp-content\/uploads\/2023\/12\/IMG-20230313-WA0005-300x225.jpg 300w, https:\/\/n-t-v.at\/wp-content\/uploads\/2023\/12\/IMG-20230313-WA0005-768x576.jpg 768w, https:\/\/n-t-v.at\/wp-content\/uploads\/2023\/12\/IMG-20230313-WA0005-1536x1152.jpg 1536w, https:\/\/n-t-v.at\/wp-content\/uploads\/2023\/12\/IMG-20230313-WA0005.jpg 2048w\" sizes=\"auto, (max-width: 1024px) 100vw, 1024px\" \/><\/figure>\n<\/figure>\n\n\n<p>Fertigh\u00e4user, Bautr\u00e4ger, Generalunternehmer? Alles Schnee von gestern!<\/p>\n<p>N-T-V verhilft Ihnen zu Ihrem individuellen Eigenheim auf die Weise, die so alt ist wie der Hausbau selbst, nur leider in Vergessenheit geraten ist.<\/p>\n<p>Die Generation vor uns w\u00e4re nie auf die Idee gekommen ein St\u00fcck Haus bei einem Anbieter zu bestellen, und auch noch Unsummen an Vorkasse hinzubl\u00e4ttern. \u201eBack to the roots\u201c ist die Devise! Welcher Baumeister, Zimmerer, Installateur usw. macht zum gefragten Zeitpunkt das beste Angebot? Aber wer ist vertrauensw\u00fcrdig und wo findet man noch Handschlagqualit\u00e4t?<\/p>\n<p>Wir helfen Ihnen bei der Grundst\u00fccksuche, der Planung, erarbeiten einen an Ihre Vorstellungen angepassten Leistungskatalog, stellen Ihnen den Kostenplan einzelner Gewerke und Bauabschnitte zusammen und unterst\u00fctzen Sie w\u00e4hrend der gesamten Bauphasen bis zur Fertigstellung und Ihrem Einzug.<\/p>\n<p>Aus unserem Firmenpool vermitteln wir regionale, zuverl\u00e4ssige Unternehmen aller Bauhandwerke, von Baumeistern bis hin zu Bodenlegern, mit denen man noch auf Handschlagqualit\u00e4t ein Haus errichten kann. Totale Kostentransparenz, Zahlung nach erbrachter Leistung* ohne massive Vorauszahlungen die immer ein erhebliches Risiko f\u00fcr den Konsumenten bedeuten. Sie entscheiden welche Arbeiten Sie mit unseren Partnern umsetzen m\u00f6chten und welche Positionen von anderen Firmen oder gar in Eigenleistung erledigt werden sollen!<\/p>\n<p>Welchen Vorteil bietet N-T-V noch? Wer einmal ein Haus baut, kommt wohl kaum in den Genuss, der Preisvorteile die man bekommt, wenn man mehrere Projekte pro Jahr vergibt. So kann man es Mengenrabatt nennen, den wir f\u00fcr unsere Projekte erhalten, zu dem ein einzelner H\u00e4uslbauer nicht herankommt. Und wem schenkt man sein Vertrauen? Hinterher ist man oft schlauer. Unsere Handwerker haben sich mehrfach bewehrt und werden sich auch um Ihre Anliegen nachhaltig k\u00fcmmern um die Kooperation mit N-T-V und unsere Kundenzufriedenheit zu erhalten!<\/p>\n<p>Testen Sie uns! Und Preisvorteile von tausenden \u20acuro sind Ihnen sicher!<\/p>\n\n\n<p class=\"has-small-font-size\">*Ausnahmen vorbehalten (z.B. Ma\u00dfanfertigungen die in Auftrag gegeben werden sind in einigen F\u00e4llen mit Materialanzahlungen verbunden)<\/p>\n\n\n\n<hr class=\"wp-block-separator has-css-opacity\"\/>\n\n\n\n<h3 class=\"wp-block-heading has-text-align-center\">N-T-V: Das Erfolgsrezept seit \u00fcber 25-Jahren!<\/h3>\n\n\n<div class=\"wp-block-image\">\n<figure class=\"aligncenter size-full is-resized\"><img loading=\"lazy\" decoding=\"async\" width=\"630\" height=\"210\" src=\"https:\/\/n-t-v.at\/wp-content\/uploads\/2022\/02\/logo.gif\" alt=\"\" class=\"wp-image-31\" style=\"width:473px;height:158px\"\/><\/figure>\n<\/div>\n\n\n<hr class=\"wp-block-separator has-css-opacity\"\/>\n\n\n\n<h3 class=\"wp-block-heading has-text-align-center\">Kontakt<\/h3>\n\n\n<div class=\"wp-block-image\">\n<figure class=\"aligncenter size-full\"><img loading=\"lazy\" decoding=\"async\" width=\"106\" height=\"140\" src=\"https:\/\/n-t-v.at\/wp-content\/uploads\/2023\/12\/image374.jpg\" alt=\"\" class=\"wp-image-146\"\/><\/figure>\n<\/div>\n\n\n<p class=\"has-text-align-center\">Norbert Tuscher<br>Misselsdorf 156, 8480 Mureck<br>Tel:&nbsp;<a href=\"tel:00436766325950\">0676 \/ 63 25 950<\/a><br>Email:&nbsp;<a href=\"mailto:office@n-t-v.at?subject=Anfrage%20%C3%BCber%20n-t-v.at...\">office@n-t-v.at<\/a><\/p>\n","protected":false},"excerpt":{"rendered":"<p>\u2026zu Ihrem ersten Schritt zum pers\u00f6nlichen und vor allem leistbaren Traumhaus! Fertigh\u00e4user, Bautr\u00e4ger, Generalunternehmer? Alles Schnee von gestern! N-T-V verhilft Ihnen zu Ihrem individuellen Eigenheim auf die Weise, die so alt ist wie der Hausbau selbst, nur leider in Vergessenheit geraten ist. Die Generation vor uns w\u00e4re nie auf die Idee gekommen ein St\u00fcck Haus [&hellip;]<\/p>\n","protected":false},"author":1,"featured_media":0,"parent":0,"menu_order":0,"comment_status":"closed","ping_status":"open","template":"","meta":{"footnotes":""},"class_list":["post-2","page","type-page","status-publish","hentry"],"_links":{"self":[{"href":"https:\/\/n-t-v.at\/index.php?rest_route=\/wp\/v2\/pages\/2","targetHints":{"allow":["GET"]}}],"collection":[{"href":"https:\/\/n-t-v.at\/index.php?rest_route=\/wp\/v2\/pages"}],"about":[{"href":"https:\/\/n-t-v.at\/index.php?rest_route=\/wp\/v2\/types\/page"}],"author":[{"embeddable":true,"href":"https:\/\/n-t-v.at\/index.php?rest_route=\/wp\/v2\/users\/1"}],"replies":[{"embeddable":true,"href":"https:\/\/n-t-v.at\/index.php?rest_route=%2Fwp%2Fv2%2Fcomments&post=2"}],"version-history":[{"count":17,"href":"https:\/\/n-t-v.at\/index.php?rest_route=\/wp\/v2\/pages\/2\/revisions"}],"predecessor-version":[{"id":229,"href":"https:\/\/n-t-v.at\/index.php?rest_route=\/wp\/v2\/pages\/2\/revisions\/229"}],"wp:attachment":[{"href":"https:\/\/n-t-v.at\/index.php?rest_route=%2Fwp%2Fv2%2Fmedia&parent=2"}],"curies":[{"name":"wp","href":"https:\/\/api.w.org\/{rel}","templated":true}]}}