{"id":81,"date":"2022-02-18T09:01:20","date_gmt":"2022-02-18T09:01:20","guid":{"rendered":"https:\/\/n-t-v.at\/?page_id=81"},"modified":"2025-06-26T10:55:31","modified_gmt":"2025-06-26T10:55:31","slug":"projektbeispiel-satteldachhaus-150m%c2%b2","status":"publish","type":"page","link":"https:\/\/n-t-v.at\/?page_id=81","title":{"rendered":"Projektvorschlag: Satteldachhaus 150m\u00b2"},"content":{"rendered":"\n<div class=\"wp-block-columns is-layout-flex wp-container-core-columns-is-layout-9d6595d7 wp-block-columns-is-layout-flex\">\n<div class=\"wp-block-column is-layout-flow wp-block-column-is-layout-flow\">\n<figure class=\"wp-block-image size-large\"><img loading=\"lazy\" decoding=\"async\" width=\"1024\" height=\"758\" src=\"https:\/\/n-t-v.at\/wp-content\/uploads\/2022\/02\/Sattel-1-1024x758.jpg\" alt=\"\" class=\"wp-image-60\" srcset=\"https:\/\/n-t-v.at\/wp-content\/uploads\/2022\/02\/Sattel-1-1024x758.jpg 1024w, https:\/\/n-t-v.at\/wp-content\/uploads\/2022\/02\/Sattel-1-300x222.jpg 300w, https:\/\/n-t-v.at\/wp-content\/uploads\/2022\/02\/Sattel-1-768x569.jpg 768w, https:\/\/n-t-v.at\/wp-content\/uploads\/2022\/02\/Sattel-1-1536x1137.jpg 1536w, https:\/\/n-t-v.at\/wp-content\/uploads\/2022\/02\/Sattel-1-2048x1517.jpg 2048w\" sizes=\"auto, (max-width: 1024px) 100vw, 1024px\" \/><figcaption class=\"wp-element-caption\">Symbolfoto &#8211; \u00e4hnlich der Entwurfsplanung<\/figcaption><\/figure>\n\n\n\n<figure class=\"wp-block-image size-full\"><img loading=\"lazy\" decoding=\"async\" width=\"886\" height=\"637\" src=\"https:\/\/n-t-v.at\/wp-content\/uploads\/2022\/02\/EG.jpg\" alt=\"\" class=\"wp-image-86\" srcset=\"https:\/\/n-t-v.at\/wp-content\/uploads\/2022\/02\/EG.jpg 886w, https:\/\/n-t-v.at\/wp-content\/uploads\/2022\/02\/EG-300x216.jpg 300w, https:\/\/n-t-v.at\/wp-content\/uploads\/2022\/02\/EG-768x552.jpg 768w\" sizes=\"auto, (max-width: 886px) 100vw, 886px\" \/><\/figure>\n\n\n\n<figure class=\"wp-block-image size-full\"><img loading=\"lazy\" decoding=\"async\" width=\"888\" height=\"605\" src=\"https:\/\/n-t-v.at\/wp-content\/uploads\/2022\/02\/OG.jpg\" alt=\"\" class=\"wp-image-87\" srcset=\"https:\/\/n-t-v.at\/wp-content\/uploads\/2022\/02\/OG.jpg 888w, https:\/\/n-t-v.at\/wp-content\/uploads\/2022\/02\/OG-300x204.jpg 300w, https:\/\/n-t-v.at\/wp-content\/uploads\/2022\/02\/OG-768x523.jpg 768w\" sizes=\"auto, (max-width: 888px) 100vw, 888px\" \/><\/figure>\n\n\n\n<figure class=\"wp-block-image size-full\"><img loading=\"lazy\" decoding=\"async\" width=\"902\" height=\"616\" src=\"https:\/\/n-t-v.at\/wp-content\/uploads\/2022\/02\/Schnitt.jpg\" alt=\"\" class=\"wp-image-88\" srcset=\"https:\/\/n-t-v.at\/wp-content\/uploads\/2022\/02\/Schnitt.jpg 902w, https:\/\/n-t-v.at\/wp-content\/uploads\/2022\/02\/Schnitt-300x205.jpg 300w, https:\/\/n-t-v.at\/wp-content\/uploads\/2022\/02\/Schnitt-768x524.jpg 768w\" sizes=\"auto, (max-width: 902px) 100vw, 902px\" \/><figcaption class=\"wp-element-caption\">OG mit voller Raumh\u00f6he<\/figcaption><\/figure>\n\n\n\n<figure class=\"wp-block-image size-full\"><img loading=\"lazy\" decoding=\"async\" width=\"887\" height=\"508\" src=\"https:\/\/n-t-v.at\/wp-content\/uploads\/2022\/02\/Ansicht.jpg\" alt=\"\" class=\"wp-image-89\" srcset=\"https:\/\/n-t-v.at\/wp-content\/uploads\/2022\/02\/Ansicht.jpg 887w, https:\/\/n-t-v.at\/wp-content\/uploads\/2022\/02\/Ansicht-300x172.jpg 300w, https:\/\/n-t-v.at\/wp-content\/uploads\/2022\/02\/Ansicht-768x440.jpg 768w\" sizes=\"auto, (max-width: 887px) 100vw, 887px\" \/><figcaption class=\"wp-element-caption\">Ansicht<\/figcaption><\/figure>\n<\/div>\n\n\n\n<div class=\"wp-block-column is-layout-flow wp-block-column-is-layout-flow\">\n<ul class=\"wp-block-list\">\n<li><strong>Hardfakts:<\/strong><\/li>\n\n\n\n<li>Einreichunterlagen<\/li>\n\n\n\n<li>Erdarbeiten (Basis: ebenes tragf\u00e4higes Grundst\u00fcck)<\/li>\n\n\n\n<li>Ged\u00e4mmte Fundamentplatte mit Streifenfundamenten<\/li>\n\n\n\n<li>Ver- u. Entsorgungsleitungen (anh\u00e4ngig vom GST)<\/li>\n\n\n\n<li>Eingangspodest und Einzelfundamente<\/li>\n\n\n\n<li>Vertikal- und Horizontal- Abdichtungen<\/li>\n\n\n\n<li>Zufahrts- und Terrassenbefestigung (abh\u00e4ngig vom Gst)<\/li>\n\n\n\n<li>Regenwasseranlage mit Sch\u00e4chten und Verrohrung -w.o<\/li>\n\n\n\n<li>Ziegelmassivmauerwerk, Stahlbeton \u2013 Massivdecke<\/li>\n\n\n\n<li>Stiege, Roste, Tr\u00e4ger etc\u2026<\/li>\n\n\n\n<li>Innenputz, Fensterb\u00e4nke innen\/au\u00dfen<\/li>\n\n\n\n<li>Bodenaufbau EG \u2013 OG<\/li>\n\n\n\n<li>Kaminanlage Raumluft &#8211; unabh\u00e4ngig<\/li>\n\n\n\n<li>Dachkonstruktionen \u2013 Spengler \u2013 Dachdecker<\/li>\n\n\n\n<li>Inkl. KFZ Unterstellplatz und Terrassen\u00fcberdachung<\/li>\n\n\n\n<li>3fach verglaste Kunststofffenster \/ Aluminium Haust\u00fcren<\/li>\n\n\n\n<li>Sonnenschutz und Insektenschutz<\/li>\n\n\n\n<li>Elektroinstallation 120 Ausl\u00e4sse (samt Schalterprogramm)<\/li>\n\n\n\n<li><strong>Photovoltaikanlage mit 8kWp enthalten !!<\/strong><\/li>\n\n\n\n<li>Viessmann Luft- Wasserw\u00e4rmepumpe,<\/li>\n\n\n\n<li>Fu\u00dfbodenheizung<\/li>\n\n\n\n<li>Sanit\u00e4rinstallation und Sanit\u00e4reinrichtung lt. Plan<\/li>\n\n\n\n<li>Innenausbau &#8211; Arbeiten<\/li>\n\n\n\n<li>Malerarbeiten<\/li>\n\n\n\n<li>Fliesenlegerarbeiten<\/li>\n\n\n\n<li>Bodenlegerarbeiten (Parkett)<\/li>\n\n\n\n<li>CPL &#8211; R\u00f6hrenspan Innent\u00fcren<\/li>\n\n\n\n<li>Stiegenhandlauf<\/li>\n\n\n\n<li>Vollw\u00e4rmeschutzverbund &#8211; Fassade,<\/li>\n<\/ul>\n\n\n\n<h2 class=\"wp-block-heading has-text-align-right\">N-T-V Preis 06\/2025<br>\u20ac 422.400,-*<\/h2>\n\n\n\n<p class=\"has-text-align-right\">*Gesamtkosten Brutto inkl. UST<br>Summiert aus Pauschalangeboten<br>einzelner Gewerke, die wahlweise auch<br>entnommen werden k\u00f6nnen<\/p>\n\n\n\n<p class=\"has-text-align-right\">Aufgrund momentaner Preisentwicklungen<br>Bitten wir um Anfrage zur aktuellen G\u00fcltigkeit<\/p>\n\n\n\n<p><strong>Nicht enthalten:<\/strong> Au\u00dfenanlage, Aushub-Verf\u00fchr,<br>Pflaster- und Asphaltierungen, K\u00fcche \/ M\u00f6bel<br>Grundst\u00fcck und Anschlusskosten.<br>Sowie sonstige nicht angef\u00fchrte Gewerke<\/p>\n\n\n\n<p><strong>Individuell ist das Schlagwort:<\/strong><br>Mit uns entsteht ihr Traumhaus, ganz nach ihren<br>Vorstellungen, Bed\u00fcrfnissen, an ihr Budget angepasst.<\/p>\n\n\n\n<p><strong>Entwurfsplanung und Angebotslegung kostenlos<\/strong><br><strong>und unverbindlich<\/strong>. Fragen kostet nichts \u2026<br>\u2026 wir freuen uns auf ein nettes und bestimmt<br>informatives Gespr\u00e4ch mit ihnen \u2013 Ihr N-T-V Team<\/p>\n<\/div>\n<\/div>\n\n\n\n<p><\/p>\n","protected":false},"excerpt":{"rendered":"<p>N-T-V Preis 06\/2025\u20ac 422.400,-* *Gesamtkosten Brutto inkl. USTSummiert aus Pauschalangeboteneinzelner Gewerke, die wahlweise auchentnommen werden k\u00f6nnen Aufgrund momentaner PreisentwicklungenBitten wir um Anfrage zur aktuellen G\u00fcltigkeit Nicht enthalten: Au\u00dfenanlage, Aushub-Verf\u00fchr,Pflaster- und Asphaltierungen, K\u00fcche \/ M\u00f6belGrundst\u00fcck und Anschlusskosten.Sowie sonstige nicht angef\u00fchrte Gewerke Individuell ist das Schlagwort:Mit uns entsteht ihr Traumhaus, ganz nach ihrenVorstellungen, Bed\u00fcrfnissen, an ihr Budget [&hellip;]<\/p>\n","protected":false},"author":1,"featured_media":0,"parent":0,"menu_order":0,"comment_status":"closed","ping_status":"closed","template":"","meta":{"footnotes":""},"class_list":["post-81","page","type-page","status-publish","hentry"],"_links":{"self":[{"href":"https:\/\/n-t-v.at\/index.php?rest_route=\/wp\/v2\/pages\/81","targetHints":{"allow":["GET"]}}],"collection":[{"href":"https:\/\/n-t-v.at\/index.php?rest_route=\/wp\/v2\/pages"}],"about":[{"href":"https:\/\/n-t-v.at\/index.php?rest_route=\/wp\/v2\/types\/page"}],"author":[{"embeddable":true,"href":"https:\/\/n-t-v.at\/index.php?rest_route=\/wp\/v2\/users\/1"}],"replies":[{"embeddable":true,"href":"https:\/\/n-t-v.at\/index.php?rest_route=%2Fwp%2Fv2%2Fcomments&post=81"}],"version-history":[{"count":6,"href":"https:\/\/n-t-v.at\/index.php?rest_route=\/wp\/v2\/pages\/81\/revisions"}],"predecessor-version":[{"id":222,"href":"https:\/\/n-t-v.at\/index.php?rest_route=\/wp\/v2\/pages\/81\/revisions\/222"}],"wp:attachment":[{"href":"https:\/\/n-t-v.at\/index.php?rest_route=%2Fwp%2Fv2%2Fmedia&parent=81"}],"curies":[{"name":"wp","href":"https:\/\/api.w.org\/{rel}","templated":true}]}}

<div class="wp-block-columns is-layout-flex wp-container-core-columns-is-layout-9d6595d7 wp-block-columns-is-layout-flex">
<div class="wp-block-column is-layout-flow wp-block-column-is-layout-flow">
<figure class="wp-block-image size-large"><img loading="lazy" decoding="async" width="1024" height="758" src="https://n-t-v.at/wp-content/uploads/2022/02/Sattel-1-1024x758.jpg" alt="" class="wp-image-60" srcset="https://n-t-v.at/wp-content/uploads/2022/02/Sattel-1-1024x758.jpg 1024w, https://n-t-v.at/wp-content/uploads/2022/02/Sattel-1-300x222.jpg 300w, https://n-t-v.at/wp-content/uploads/2022/02/Sattel-1-768x569.jpg 768w, https://n-t-v.at/wp-content/uploads/2022/02/Sattel-1-1536x1137.jpg 1536w, https://n-t-v.at/wp-content/uploads/2022/02/Sattel-1-2048x1517.jpg 2048w" sizes="auto, (max-width: 1024px) 100vw, 1024px" /><figcaption class="wp-element-caption">Symbolfoto &#8211; ähnlich der Entwurfsplanung</figcaption></figure>



<figure class="wp-block-image size-full"><img loading="lazy" decoding="async" width="886" height="637" src="https://n-t-v.at/wp-content/uploads/2022/02/EG.jpg" alt="" class="wp-image-86" srcset="https://n-t-v.at/wp-content/uploads/2022/02/EG.jpg 886w, https://n-t-v.at/wp-content/uploads/2022/02/EG-300x216.jpg 300w, https://n-t-v.at/wp-content/uploads/2022/02/EG-768x552.jpg 768w" sizes="auto, (max-width: 886px) 100vw, 886px" /></figure>



<figure class="wp-block-image size-full"><img loading="lazy" decoding="async" width="888" height="605" src="https://n-t-v.at/wp-content/uploads/2022/02/OG.jpg" alt="" class="wp-image-87" srcset="https://n-t-v.at/wp-content/uploads/2022/02/OG.jpg 888w, https://n-t-v.at/wp-content/uploads/2022/02/OG-300x204.jpg 300w, https://n-t-v.at/wp-content/uploads/2022/02/OG-768x523.jpg 768w" sizes="auto, (max-width: 888px) 100vw, 888px" /></figure>



<figure class="wp-block-image size-full"><img loading="lazy" decoding="async" width="902" height="616" src="https://n-t-v.at/wp-content/uploads/2022/02/Schnitt.jpg" alt="" class="wp-image-88" srcset="https://n-t-v.at/wp-content/uploads/2022/02/Schnitt.jpg 902w, https://n-t-v.at/wp-content/uploads/2022/02/Schnitt-300x205.jpg 300w, https://n-t-v.at/wp-content/uploads/2022/02/Schnitt-768x524.jpg 768w" sizes="auto, (max-width: 902px) 100vw, 902px" /><figcaption class="wp-element-caption">OG mit voller Raumhöhe</figcaption></figure>



<figure class="wp-block-image size-full"><img loading="lazy" decoding="async" width="887" height="508" src="https://n-t-v.at/wp-content/uploads/2022/02/Ansicht.jpg" alt="" class="wp-image-89" srcset="https://n-t-v.at/wp-content/uploads/2022/02/Ansicht.jpg 887w, https://n-t-v.at/wp-content/uploads/2022/02/Ansicht-300x172.jpg 300w, https://n-t-v.at/wp-content/uploads/2022/02/Ansicht-768x440.jpg 768w" sizes="auto, (max-width: 887px) 100vw, 887px" /><figcaption class="wp-element-caption">Ansicht</figcaption></figure>
</div>



<div class="wp-block-column is-layout-flow wp-block-column-is-layout-flow">
<ul class="wp-block-list">
<li><strong>Hardfakts:</strong></li>



<li>Einreichunterlagen</li>



<li>Erdarbeiten (Basis: ebenes tragfähiges Grundstück)</li>



<li>Gedämmte Fundamentplatte mit Streifenfundamenten</li>



<li>Ver- u. Entsorgungsleitungen (anhängig vom GST)</li>



<li>Eingangspodest und Einzelfundamente</li>



<li>Vertikal- und Horizontal- Abdichtungen</li>



<li>Zufahrts- und Terrassenbefestigung (abhängig vom Gst)</li>



<li>Regenwasseranlage mit Schächten und Verrohrung -w.o</li>



<li>Ziegelmassivmauerwerk, Stahlbeton – Massivdecke</li>



<li>Stiege, Roste, Träger etc…</li>



<li>Innenputz, Fensterbänke innen/außen</li>



<li>Bodenaufbau EG – OG</li>



<li>Kaminanlage Raumluft &#8211; unabhängig</li>



<li>Dachkonstruktionen – Spengler – Dachdecker</li>



<li>Inkl. KFZ Unterstellplatz und Terrassenüberdachung</li>



<li>3fach verglaste Kunststofffenster / Aluminium Haustüren</li>



<li>Sonnenschutz und Insektenschutz</li>



<li>Elektroinstallation 120 Auslässe (samt Schalterprogramm)</li>



<li><strong>Photovoltaikanlage mit 8kWp enthalten !!</strong></li>



<li>Viessmann Luft- Wasserwärmepumpe,</li>



<li>Fußbodenheizung</li>



<li>Sanitärinstallation und Sanitäreinrichtung lt. Plan</li>



<li>Innenausbau &#8211; Arbeiten</li>



<li>Malerarbeiten</li>



<li>Fliesenlegerarbeiten</li>



<li>Bodenlegerarbeiten (Parkett)</li>



<li>CPL &#8211; Röhrenspan Innentüren</li>



<li>Stiegenhandlauf</li>



<li>Vollwärmeschutzverbund &#8211; Fassade,</li>
</ul>



<h2 class="wp-block-heading has-text-align-right">N-T-V Preis 06/2025<br>€ 422.400,-*</h2>



<p class="has-text-align-right">*Gesamtkosten Brutto inkl. UST<br>Summiert aus Pauschalangeboten<br>einzelner Gewerke, die wahlweise auch<br>entnommen werden können</p>



<p class="has-text-align-right">Aufgrund momentaner Preisentwicklungen<br>Bitten wir um Anfrage zur aktuellen Gültigkeit</p>



<p><strong>Nicht enthalten:</strong> Außenanlage, Aushub-Verführ,<br>Pflaster- und Asphaltierungen, Küche / Möbel<br>Grundstück und Anschlusskosten.<br>Sowie sonstige nicht angeführte Gewerke</p>



<p><strong>Individuell ist das Schlagwort:</strong><br>Mit uns entsteht ihr Traumhaus, ganz nach ihren<br>Vorstellungen, Bedürfnissen, an ihr Budget angepasst.</p>



<p><strong>Entwurfsplanung und Angebotslegung kostenlos</strong><br><strong>und unverbindlich</strong>. Fragen kostet nichts …<br>… wir freuen uns auf ein nettes und bestimmt<br>informatives Gespräch mit ihnen – Ihr N-T-V Team</p>
</div>
</div>



<p></p>

<p>N-T-V Preis 06/2025€ 422.400,-* *Gesamtkosten Brutto inkl. USTSummiert aus Pauschalangeboteneinzelner Gewerke, die wahlweise auchentnommen werden können Aufgrund momentaner PreisentwicklungenBitten wir um Anfrage zur aktuellen Gültigkeit Nicht enthalten: Außenanlage, Aushub-Verführ,Pflaster- und Asphaltierungen, Küche / MöbelGrundstück und Anschlusskosten.Sowie sonstige nicht angeführte Gewerke Individuell ist das Schlagwort:Mit uns entsteht ihr Traumhaus, ganz nach ihrenVorstellungen, Bedürfnissen, an ihr Budget [&hellip;]</p>
